prime factors of 891412?
2, 17, 13109
List the prime factors of 40148936.
2, 5018617
What are the prime factors of 481184?
2, 11, 1367
List the prime factors of 7581647.
7581647
List the prime factors of 210901.
210901
List the prime factors of 7983759.
3, 7, 380179
What are the prime factors of 6318395?
5, 53, 113, 211
List the prime factors of 23653388.
2, 11, 419, 1283
List the prime factors of 5538472.
2, 692309
List the prime factors of 10092839.
241, 41879
What are the prime factors of 384740?
2, 5, 19237
What are the prime factors of 2634730?
2, 5, 7, 19, 283
What are the prime factors of 57215?
5, 11443
List the prime factors of 283872.
2, 3, 2957
List the prime factors of 671222.
2, 109, 3079
List the prime factors of 220323.
3, 271
What are the prime factors of 543998?
2, 7, 13, 61
List the prime factors of 10415384.
2, 7, 61, 3049
List the prime factors of 15311007.
3, 37, 45979
List the prime factors of 761675.
5, 30467
What are the prime factors of 14734532?
2, 509, 7237
What are the prime factors of 16546404?
2, 3, 7, 281, 701
List the prime factors of 724914.
2, 3, 17, 23, 103
List the prime factors of 69130.
2, 5, 31, 223
What are the prime factors of 37913277?
3, 12637759
What are the prime factors of 13851838?
2, 7, 11, 13, 17, 37
List the prime factors of 5503909.
941, 5849
What are the prime factors of 8042085?
3, 5, 6619
List the prime factors of 2071855.
5, 19, 113, 193
What are the prime factors of 1189960?
2, 5, 71, 419
What are the prime factors of 1048118?
2, 17, 29, 1063
What are the prime factors of 7017148?
2, 1754287
List the prime factors of 248286.
2, 3, 41381
List the prime factors of 5977116.
2, 3, 166031
What are the prime factors of 302915?
5, 47, 1289
What are the prime factors of 3482942?
2, 1019, 1709
List the prime factors of 2689717.
2689717
List the prime factors of 24045717.
3, 47, 170537
List the prime factors of 130896.
2, 3, 101
List the prime factors of 13320577.
19, 439, 1597
What are the prime factors of 1028916?
2, 3, 7, 1361
List the prime factors of 113163.
3, 67, 563
What are the prime factors of 4983854?
2, 1031, 2417
What are the prime factors of 3108665?
5, 7, 88819
What are the prime factors of 985682?
2, 19, 25939
What are the prime factors of 140455?
5, 7, 4013
What are the prime factors of 2887432?
2, 67, 5387
What are the prime factors of 194354?
2, 97177
What are the prime factors of 10855641?
3, 3618547
List the prime factors of 3386095.
5, 283, 2393
What are the prime factors of 385709?
385709
List the prime factors of 308364.
2, 3, 7, 3671
What are the prime factors of 245587?
245587
What are the prime factors of 1752600?
2, 3, 5, 23, 127
What are the prime factors of 2647363?
2647363
List the prime factors of 1597063.
13, 43, 2857
List the prime factors of 270176.
2, 8443
List the prime factors of 935112.
2, 3, 47, 829
What are the prime factors of 1458075?
3, 5, 19441
List the prime factors of 9215166.
2, 3, 1535861
List the prime factors of 11353035.
3, 5, 756869
What are the prime factors of 974912?
2, 15233
List the prime factors of 14547055.
5, 113, 25747
List the prime factors of 24054775.
5, 29, 33179
List the prime factors of 1559661.
3, 37, 14051
What are the prime factors of 2485910?
2, 5, 7, 17, 2089
What are the prime factors of 15803458?
2, 11, 233, 3083
List the prime factors of 715073.
715073
List the prime factors of 4535869.
13, 383, 911
List the prime factors of 82822.
2, 41411
What are the prime factors of 15620299?
19, 29, 28349
What are the prime factors of 1240449?
3, 7, 59069
List the prime factors of 4203.
3, 467
What are the prime factors of 223165?
5, 44633
List the prime factors of 337858.
2, 17, 19, 523
List the prime factors of 8811324.
2, 3, 244759
List the prime factors of 149833.
269, 557
List the prime factors of 2412.
2, 3, 67
What are the prime factors of 1537465?
5, 43, 7151
What are the prime factors of 2072378?
2, 7, 11, 13457
What are the prime factors of 817910?
2, 5, 89, 919
What are the prime factors of 873056?
2, 27283
What are the prime factors of 510159?
3, 13, 103, 127
List the prime factors of 7364271.
3, 2454757
List the prime factors of 2119031.
2119031
List the prime factors of 3583905.
3, 5, 13, 18379
List the prime factors of 12011050.
2, 5, 229, 1049
What are the prime factors of 308522?
2, 19, 23, 353
What are the prime factors of 7643098?
2, 17, 224797
What are the prime factors of 756902?
2, 337, 1123
What are the prime factors of 251485?
5, 13, 53, 73
List the prime factors of 4461279.
3, 1487093
List the prime factors of 1859964.
2, 3, 23, 293
List the prime factors of 209480.
2, 5, 5237
What are the prime factors of 2395269?
3, 37, 7193
What are the prime factors of 3902567?
103, 37889
What are the prime factors of 344710?
2, 5, 34471
List the prime factors of 8578458.
2, 3, 7, 103, 661
List the prime factors of 16858116.
2, 3, 11, 42571
List the prime factors of 443592.
2, 3, 61, 101
What are the prime factors of 19309?
19309
What are the prime factors of 1733297?
1733297
What are the prime factors of 2249744?
2, 7, 53, 379
What are the prime factors of 353382?
2, 3, 58897
List the prime factors of 547578.
2, 3, 29, 1049
What are the prime factors of 426326?
2, 17, 12539
List the prime factors of 222512.
2, 13907
List the prime factors of 8703835.
5, 7, 149, 1669
List the prime factors of 1283839.
1283839
What are the prime factors of 2908158?
2, 3, 11, 139, 317
What are the prime factors of 227666?
2, 67, 1699
What are the prime factors of 15620388?
2, 3, 7, 185957
What are the prime factors of 3700639?
47, 78737
List the prime factors of 14895045.
3, 5, 11, 30091
What are the prime factors of 626728?
2, 78341
What are the prime factors of 334363?
334363
List the prime factors of 927838.
2, 463919
List the prime factors of 1392302.
2, 193, 3607
What are the prime factors of 14595507?
3, 1621723
List the prime factors of 1466274.
2, 3, 244379
What are the prime factors of 26940913?
29, 137, 6781
What are the prime factors of 1401080?
2, 5, 35027
List the prime factors of 2407410.
2, 3, 5, 23, 1163
List the prime factors of 4185133.
4185133
List the prime factors of 27111617.
13, 17, 67, 1831
List the prime factors of 1547632.
2, 197, 491
List the prime factors of 25114079.
67, 374837
What are the prime factors of 15601?
15601
List the prime factors of 20719121.
20719121
List the prime factors of 3127079.
3127079
List the prime factors of 3339332.
2, 167, 4999
What are the prime factors of 21559071?
3, 41, 175277
List the prime factors of 1265197.
1265197
What are the prime factors of 8439839?
107, 78877
List the prime factors of 200385.
3, 5, 61, 73
List the prime factors of 287484.
2, 3, 23957
What are the prime factors of 378109?
181, 2089
What are the prime factors of 6946984?
2, 11, 89, 887
What are the prime factors of 32741660?
2, 5, 7, 17, 13757
List the prime factors of 692387.
692387
List the prime factors of 30607662.
2, 3, 499, 10223
List the prime factors of 636204.
2, 3, 53017
What are the prime factors of 1854424?
2, 11, 13, 1621
List the prime factors of 14469423.
3, 109, 44249
List the prime factors of 411951.
3, 353, 389
What are the prime factors of 217931?
7, 163, 191
What are the prime factors of 117341?
7, 16763
What are the prime factors of 5308926?
2, 3, 7, 41, 3083
List the prime factors of 423987.
3, 31, 47, 97
List the prime factors of 5466649.
1289, 4241
List the prime factors of 4999736.
2, 7, 19, 37, 127
List the prime factors of 2022148.
2, 505537
List the prime factors of 79933.
7, 19, 601
List the prime factors of 2877583.
29, 67, 1481
List the prime factors of 180269.
71, 2539
What are the prime factors of 7143397?
7143397
List the prime factors of 13373596.
2, 53, 199, 317
What are the prime factors of 134442?
2, 3, 7, 11, 97
List the prime factors of 840104.
2, 19, 5527
List the prime factors of 5844550.
2, 5, 41, 2851
List the prime factors of 23114055.
3, 5, 317, 4861
What are the prime factors of 1461587?
1461587
List the prime factors of 977646.
2, 3, 127, 1283
What are the prime factors of 70267?
29, 2423
List the prime factors of 36221425.
5, 1448857
List the prime factors of 4702145.
5, 7, 37, 3631
What are the prime factors of 506757?
3, 31, 5449
List the prime factors of 